 be (-257)/(-5) + (3 - (-68)/(-20)). What is the highest common divisor of r and 68?
17
Let r = 15 - 22. Let t(k) = -32*k + 9. Let y be t(r). Let c = -2 + y. Calculate the greatest common factor of 21 and c.
21
Let a be (-1)/3 + 1820/60. Let g = 416 - 266. What is the greatest common divisor of g and a?
30
Let q = -12 + 7. Let t be (-10)/(-4)*(-8)/q. Calculate the highest common divisor of t and 24.
4
Let i be 375/20 - (-1)/4. Suppose -6*x + 2*x - t + 528 = 0, -2*x = -t - 270. Calculate the highest common divisor of i and x.
19
Let w = -1 + 32. Suppose 3*d = 4*y + 5*d - 18, 3*y = -5*d + w. Let z be (-2)/7 - (-88)/14. Calculate the highest common factor of z and y.
2
Let z = 18 - -22. Let u(t) = -15*t**3 - 2*t - 1. Let d be u(-1). Calculate the greatest common factor of z and d.
8
Suppose -8*w = -4*w - 2*i - 38, -5*i = -3*w + 25. What is the highest common divisor of 140 and w?
10
Suppose -8*v - 51 = -291. Calculate the greatest common factor of 150 and v.
30
Let f(v) = -44*v - 3. Let h be f(-5). Suppose 4*n - 2*q = -318, 2*n - 4*q = -245 + 95. Let y = h + n. What is the greatest common divisor of 17 and y?
17
Let g be (-2)/(-3) + (-43)/(-3). Let f = 3 + -1. Suppose 3*l + t + 63 = 7*l, -l + 9 = f*t. Calculate the highest common factor of g and l.
15
Suppose -695 = -6*d + 205. Suppose 0 = -4*m - 11 + 71. What is the greatest common factor of d and m?
15
Let p(u) = -u**2 + 5*u - 1. Let o be p(4). Let y be 19/2 + 2/4. Suppose o*j - 4*x = 175 + 208, 2*x + y = 0. Calculate the greatest common factor of j and 11.
11
Let l be (-2)/(-9) + (-943)/(-9). Let k be 254/6 + 1/(-3). What is the greatest common divisor of k and l?
21
Suppose -6 = -2*a, 2*f - 49 = -3*a + 2*a. Let v = f - 16. Let y be 14/2 - 0/(-3). What is the greatest common divisor of v and y?
7
Suppose -1 - 3 = 2*y. Let h be (0/(-3))/y + 8. Calculate the highest common factor of 1 and h.
1
Let z(p) = -4*p - 8. Let a be z(-7). Suppose -a = -5*r, r - 5*r = -v + 53. Calculate the greatest common factor of v and 46.
23
Suppose 0 = -7*k + 2*k. Suppose 3*r = -15, k = -3*y + 2*y + 3*r + 35. Let v be 5 - (-2 + 1)/(-1). What is the greatest common divisor of v and y?
4
Let c be (1 - (-20)/3)*-9. Let n = -25 - c. Calculate the greatest common factor of n and 4.
4
Let n(v) = -v**2 + 11*v + 2. Let s be n(11). What is the highest common factor of s and 18?
2
Suppose -3*d + 7 = -2. Suppose d*b - h = -39, 5*b + 5*h + 45 = -0*b. Let s be b/(-30) + 36/10. What is the highest common divisor of s and 4?
4
Suppose 2*k = k + s + 19, -s - 35 = -2*k. Let q = 186 - 129. Suppose 4*w = 39 + q. What is the highest common divisor of k and w?
8
Let b(a) = a**2 + 3*a - 3. Let l be b(3). Let i(k) = -k**2 + 12*k - 12. Let d be i(9). What is the greatest common factor of d and l?
15
Let l be 10 + -12 - 190/(-1). Suppose 2*j = 4*d + l, 3*j = -j - 4*d + 352. What is the greatest common divisor of j and 9?
9
Let o be ((-4)/6)/((-1)/6). Suppose -o*w = w. Let d = 4 - w. Calculate the highest common factor of 16 and d.
4
Suppose -2*l - 3*l = -245. Calculate the highest common divisor of l and 14.
7
Suppose 0*y = -5*y + 70. Let o(k) be the second derivative of 5*k**3/6 - k**2/2 + 3*k. Let a be o(3). Calculate the highest common divisor of a and y.
14
Let n be (-2)/7 + (-16)/(-7). Suppose 4 = -5*m + k, 2*k + 5 = -n*m - k. Let g = m - -5. Calculate the highest common factor of 36 and g.
4
Let p = 12 - -33. Suppose -9*f = -14*f + 90. What is the highest common divisor of p and f?
9
Suppose 4*j - 8 - 43 = -5*t, 3*t + 72 = 3*j. Suppose -4*d - j = -359. Suppose 7*v = 9*v - 34. What is the greatest common factor of d and v?
17
Suppose -j + 62 = 3*g - 5*j, g - 9 = -j. Suppose -4*q = -3*f + 6*f - 302, -2*q = -5*f + 486. What is the greatest common factor of f and g?
14
Let x(j) = -j**3 - 2*j**2 + 3. Suppose 3*n = -n. Let u be x(n). Calculate the greatest common divisor of u and 24.
3
Let a be (364/(-21))/((-3)/36). Calculate the greatest common divisor of a and 52.
52
Let t = 106 + -61. What is the greatest common divisor of t and 15?
15
Suppose -g - 4 = 0, 4*y = g - 2*g - 4. Let r be (y/(-1) - 1) + 1. Suppose r = -6*k + 8*k - 16. Calculate the highest common divisor of k and 32.
8
Let z(l) = -82*l + 4. Let a be z(-2). What is the greatest common factor of 21 and a?
21
Suppose -2*x - q = -7, x + q - 11 = 3*q. What is the greatest common divisor of x and 35?
5
Suppose 4*i + v - 168 = 0, 0 = -4*i + 3*i + 3*v + 42. Suppose -5*j = 3*g - 8, -2*j - 3 = 1. Calculate the highest common divisor of i and g.
6
Suppose 0*d = -13*d + 364. Calculate the highest common divisor of d and 84.
28
Suppose -27*y = -18*y - 900. What is the greatest common divisor of 10 and y?
10
Let m(g) = 88*g**2. Let k be m(-1). Suppose 4 = -z + 3*n, 0 = -5*z + n + n + 6. Let j be (-12*1)/((-3)/z). What is the highest common divisor of k and j?
8
Suppose -4*g - a + 11 + 21 = 0, 3*a = -12. Calculate the highest common factor of g and 108.
9
Let c = 263 + -143. Calculate the greatest common factor of c and 12.
12
Let x(r) = -r**3 - 7*r**2 - r - 5. Let w be -6 - (2 - 4 - -3). Let i be x(w). Calculate the highest common factor of 22 and i.
2
Let d be 132/54 + 12/(-27). Suppose 9 = 4*i - i. What is the greatest common factor of d and i?
1
Let f be ((-1)/2)/((-5)/90). Let d be (-6)/f - 318/9. Let g be (-1504)/d - 2/(-9). What is the highest common factor of 7 and g?
7
Let k(y) = -3*y + 3*y**3 + y - y**2 + 4*y. Let l(n) = -n**3 - 2*n - 1. Let u be l(-1). Let d be k(u). What is the greatest common factor of d and 3?
3
Suppose 6*y - 2*y - 4*u - 8 = 0, -5*u = -4*y + 8. Calculate the highest common divisor of 22 and y.
2
Suppose 4*l + 3*r + 3 = 0, 4 = l - r - 4. What is the highest common divisor of l and 24?
3
Let v be 0 + 4 + 1 + 49. What is the highest common factor of v and 18?
18
Let y = 39 - 22. Suppose 0*n + 4*j - 12 = -n, -2*n - 5*j = -18. Suppose -260 = -3*b - o, n*b + 0*b - 4*o = 320. Calculate the highest common factor of b and y.
17
Suppose -p = -4*p. Let o(m) = m + p*m - 8*m - 3. Let b be o(-2). Calculate the highest common factor of 11 and b.
11
Let v be 7 + 2*(-4)/4. Suppose 0 = -0*y + 3*y + 5*c - 84, -v*c - 147 = -4*y. Calculate the greatest common divisor of y and 11.
11
Let s be (-1 + -1)*(-4)/4. Suppose -s*x + 145 = -5. What is the highest common factor of x and 15?
15
Suppose g = -0*g + 220. What is the highest common factor of 20 and g?
20
Let m = 11 + -6. Calculate the greatest common divisor of m and 5.
5
Suppose -4*s - 2*x + 23 = -s, x + 20 = 2*s. What is the highest common factor of 72 and s?
9
Let n = -8 - -16. Calculate the greatest common factor of 2 and n.
2
Let w = 11 - -1. Suppose 0 = -2*i + 10, o + w = -3*i + 41. What is the highest common divisor of o and 98?
14
Let i(d) = 87*d**2 + 1. Let c be i(1). What is the highest common divisor of 11 and c?
11
Suppose 0 = -13*w + 10*w + 51. What is the greatest common divisor of w and 68?
17
Suppose 0 = -2*k - 4*a + 6, 3*a - 3 = -k - 0. Suppose -k*w = -d - 10, 4*d + 5*w - 45 = -0*w. Let z = 29 - 19. Calculate the greatest common divisor of d and z.
5
Let z = 102 - 46. Let b be (1*-1)/((-14)/z). Let q be (-5)/((-15)/96) - 0. What is the highest common divisor of q and b?
4
Suppose 3*v + 5*x - 37 = 0, 19 = 3*v + x + 2. Suppose q = v*q. Suppose d = -q*d + 55. What is the highest common factor of d and 5?
5
Let j = -38 + 71. Let o = j - 15. Suppose 5*a - 74 = 106. What is the highest common divisor of a and o?
18
Suppose 6*r = 4*r + 14. Let p = r + 11. Suppose x - 315 = -3*a + 172, 3*x = a - 159. Calculate the highest common divisor of p and a.
18
Let a(b) be the second derivative of b**3/6 + 4*b**2 + 7*b. Let t be a(8). Calculate the greatest common factor of 16 and t.
16
Let s = 10 - 6. Calculate the greatest common divisor of 4 and s.
4
Let l = 32 + -23. Let d = 17 - 14. Calculate the greatest common divisor of d and l.
3
Suppose 4*a - 63 = 21. Suppose -5*g = 4*u + 33, -3*u - 2 = 5*g + 19. Let j be (4/8)/((-2)/u). Calculate the highest common divisor of j and a.
3
Let q(y) = -6*y**3 + 2*y**2 - y. Let g be q(1). Let n = g - -2. Let z be 15/1 - (-2 - n). What is the highest common factor of z and 154?
14
Let b be 2/(-5) + (-144)/(-10). Let n = b + -10. Suppose n = 2*s - 2. What is the greatest common factor of 3